{"id":6173,"date":"2023-01-15T17:00:17","date_gmt":"2023-01-15T16:00:17","guid":{"rendered":"https:\/\/natjecanje.hr\/?page_id=6173"},"modified":"2023-01-15T17:33:52","modified_gmt":"2023-01-15T16:33:52","slug":"jozsef-bazsinka-jr","status":"publish","type":"page","link":"https:\/\/natjecanje.hr\/en\/jozsef-bazsinka-jr\/","title":{"rendered":"J\u00f3zsef Bazsinka Jr."},"content":{"rendered":"<p><img loading=\"lazy\" decoding=\"async\" class=\"alignnone size-medium wp-image-6174\" src=\"https:\/\/natjecanje.hr\/wp-content\/uploads\/2023\/01\/Jo\u0301zsef-Bazsinka-199x300.jpg\" alt=\"\" width=\"199\" height=\"300\" srcset=\"https:\/\/natjecanje.hr\/wp-content\/uploads\/2023\/01\/Jo\u0301zsef-Bazsinka-199x300.jpg 199w, https:\/\/natjecanje.hr\/wp-content\/uploads\/2023\/01\/Jo\u0301zsef-Bazsinka-678x1024.jpg 678w, https:\/\/natjecanje.hr\/wp-content\/uploads\/2023\/01\/Jo\u0301zsef-Bazsinka-768x1160.jpg 768w, https:\/\/natjecanje.hr\/wp-content\/uploads\/2023\/01\/Jo\u0301zsef-Bazsinka-1017x1536.jpg 1017w, https:\/\/natjecanje.hr\/wp-content\/uploads\/2023\/01\/Jo\u0301zsef-Bazsinka-1356x2048.jpg 1356w, https:\/\/natjecanje.hr\/wp-content\/uploads\/2023\/01\/Jo\u0301zsef-Bazsinka.jpg 1632w\" sizes=\"(max-width: 199px) 100vw, 199px\" \/><\/p>\n<p>Tuba player J\u00f3zsef Bazsinka Jr. was born in Budapest (Hungary) 1985, in a musician family. His mother is a cello player, his father (J\u00f3zsef Bazsinka) is an international tuba soloist, member of the Budapest Festival Orchestra, and the first teacher of J\u00f3zsef Jr.<br \/>\nHe graduated in 2010 at the Franz Liszt Academy of Music, Budapest in the class of L\u00e1szl\u00f3 Szab\u00f3. He spent a semester at the Hochschule f\u00fcr Musik und Theater Hanover in 2008, where he studied from Jens Bj\u00f8rn-Larsen. He earned DLA (Doctor of Liberal Arts) doctoral degree at the Franz Liszt Academy of Music in 2018. From 2012 he also took four semesters at the Baptist Theological Academy, Budapest.<br \/>\nHe had got first prizes on the national tuba competition in Hungary, 2007, on the international tuba competition in Brno (CZ), 2008, and in Jeju, South-Korea, 2010. In 2010 he is a founding member of In Medias Brass Quintet, which \u2013 just a bit more than three years into its existence \u2013 has won five first prizes and two second prizes on seven noted international chamber music competitions in South-Korea, Germany, Slovenia, Japan, Italy, France and the USA. In November 2011 they were given the \u201eJunior Prima\u201d award, which is the highest award for young and talented people in any field of art in Hungary. Beside Hungary and several European countries, they had recitals in South-Korea, Japan and the USA until now.<br \/>\nHe is a regular contributor in Klangforum Wien since 2005, in UMZE (Hungarian contemporary ensemble) since 2013. He played in Luigi Nono\u2019s Prometeo with Ensemble Recherche (Freiburg) in 2014-2015 (Amsterdam, Z\u00fcrich and Paris). He is member of Ensemble Experimentalstudio des SWR (Freiburg) since 2016.<br \/>\nFrom 2015 till 2021 he was the tuba and brass chamber music teacher of the St. Stephen King Secondary Vocational School of Music, Budapest, since 2021 he is adjunct at the B\u00e9la Bart\u00f3k Music Faculty of Szeged University.<\/p>\n","protected":false},"excerpt":{"rendered":"<p>Tuba player J\u00f3zsef Bazsinka Jr. was born in Budapest (Hungary) 1985, in a musician family. His mother is a cello player, his father (J\u00f3zsef Bazsinka) is an international tuba soloist, member of the Budapest Festival Orchestra, and the first teacher of J\u00f3zsef Jr. He graduated in 2010 at the Franz Liszt Academy of Music, Budapest [&hellip;]<\/p>\n","protected":false},"author":5,"featured_media":0,"parent":0,"menu_order":0,"comment_status":"closed","ping_status":"closed","template":"","meta":{"pmpro_default_level":"","ngg_post_thumbnail":0,"footnotes":""},"translation":{"provider":"WPGlobus","version":"3.0.0","language":"en","enabled_languages":["hr","en"],"languages":{"hr":{"title":true,"content":true,"excerpt":false},"en":{"title":false,"content":true,"excerpt":false}}},"_links":{"self":[{"href":"https:\/\/natjecanje.hr\/en\/wp-json\/wp\/v2\/pages\/6173"}],"collection":[{"href":"https:\/\/natjecanje.hr\/en\/wp-json\/wp\/v2\/pages"}],"about":[{"href":"https:\/\/natjecanje.hr\/en\/wp-json\/wp\/v2\/types\/page"}],"author":[{"embeddable":true,"href":"https:\/\/natjecanje.hr\/en\/wp-json\/wp\/v2\/users\/5"}],"replies":[{"embeddable":true,"href":"https:\/\/natjecanje.hr\/en\/wp-json\/wp\/v2\/comments?post=6173"}],"version-history":[{"count":2,"href":"https:\/\/natjecanje.hr\/en\/wp-json\/wp\/v2\/pages\/6173\/revisions"}],"predecessor-version":[{"id":6200,"href":"https:\/\/natjecanje.hr\/en\/wp-json\/wp\/v2\/pages\/6173\/revisions\/6200"}],"wp:attachment":[{"href":"https:\/\/natjecanje.hr\/en\/wp-json\/wp\/v2\/media?parent=6173"}],"curies":[{"name":"wp","href":"https:\/\/api.w.org\/{rel}","templated":true}]}}

József Bazsinka Jr.

<p><img loading="lazy" decoding="async" class="alignnone size-medium wp-image-6174" src="https://natjecanje.hr/wp-content/uploads/2023/01/József-Bazsinka-199x300.jpg" alt="" width="199" height="300" srcset="https://natjecanje.hr/wp-content/uploads/2023/01/József-Bazsinka-199x300.jpg 199w, https://natjecanje.hr/wp-content/uploads/2023/01/József-Bazsinka-678x1024.jpg 678w, https://natjecanje.hr/wp-content/uploads/2023/01/József-Bazsinka-768x1160.jpg 768w, https://natjecanje.hr/wp-content/uploads/2023/01/József-Bazsinka-1017x1536.jpg 1017w, https://natjecanje.hr/wp-content/uploads/2023/01/József-Bazsinka-1356x2048.jpg 1356w, https://natjecanje.hr/wp-content/uploads/2023/01/József-Bazsinka.jpg 1632w" sizes="(max-width: 199px) 100vw, 199px" /></p>
<p>Tuba player József Bazsinka Jr. was born in Budapest (Hungary) 1985, in a musician family. His mother is a cello player, his father (József Bazsinka) is an international tuba soloist, member of the Budapest Festival Orchestra, and the first teacher of József Jr.<br />
He graduated in 2010 at the Franz Liszt Academy of Music, Budapest in the class of László Szabó. He spent a semester at the Hochschule für Musik und Theater Hanover in 2008, where he studied from Jens Bjørn-Larsen. He earned DLA (Doctor of Liberal Arts) doctoral degree at the Franz Liszt Academy of Music in 2018. From 2012 he also took four semesters at the Baptist Theological Academy, Budapest.<br />
He had got first prizes on the national tuba competition in Hungary, 2007, on the international tuba competition in Brno (CZ), 2008, and in Jeju, South-Korea, 2010. In 2010 he is a founding member of In Medias Brass Quintet, which – just a bit more than three years into its existence – has won five first prizes and two second prizes on seven noted international chamber music competitions in South-Korea, Germany, Slovenia, Japan, Italy, France and the USA. In November 2011 they were given the „Junior Prima” award, which is the highest award for young and talented people in any field of art in Hungary. Beside Hungary and several European countries, they had recitals in South-Korea, Japan and the USA until now.<br />
He is a regular contributor in Klangforum Wien since 2005, in UMZE (Hungarian contemporary ensemble) since 2013. He played in Luigi Nono’s Prometeo with Ensemble Recherche (Freiburg) in 2014-2015 (Amsterdam, Zürich and Paris). He is member of Ensemble Experimentalstudio des SWR (Freiburg) since 2016.<br />
From 2015 till 2021 he was the tuba and brass chamber music teacher of the St. Stephen King Secondary Vocational School of Music, Budapest, since 2021 he is adjunct at the Béla Bartók Music Faculty of Szeged University.</p>

<p>Tuba player József Bazsinka Jr. was born in Budapest (Hungary) 1985, in a musician family. His mother is a cello player, his father (József Bazsinka) is an international tuba soloist, member of the Budapest Festival Orchestra, and the first teacher of József Jr. He graduated in 2010 at the Franz Liszt Academy of Music, Budapest [&hellip;]</p>
